Let u(o) = 3015*o + 12116. What is u(-4)?
56
Let j(k) = -600960*k - 3605793. Calculate j(-6).
-33
Let j(y) = -30*y - 1403. Determine j(-13).
-1013
Let p(r) = -3*r**2 - 833*r - 43059. Calculate p(-209).
-5
Let h(n) = n**2 + 826*n - 32812. Determine h(38).
20
Let i(p) = p**3 - 5056*p**2 - 25305*p - 8. Determine i(-5).
-8
Let l(b) = -7*b**3 + 192*b**2 + 89*b + 651. Give l(28).
7
Let k(c) = -3762*c + 56300. Calculate k(15).
-130
Let s(l) = 8*l**2 + 236*l + 1458. What is s(-6)?
330
Let a(z) = z**3 - 371*z**2 + 13521*z + 426. Give a(41).
57
Let j(t) = -26*t**3 + 228*t**2 - 152*t - 61. Calculate j(8).
3
Let y(b) = 6*b**2 + 3351*b + 436133. Calculate y(-352).
5
Let d(f) = 3*f**2 - 1063*f - 14686. Calculate d(368).
402
Let h(w) = 8034*w + 40083. Determine h(-5).
-87
Let t(b) = b**3 + 268*b**2 + 15154*b + 1605. Calculate t(-187).
296
Let i(k) = -437*k**2 - 308*k + 50. Determine i(-3).
-2959
Let m(k) = 11848*k + 3352989. What is m(-283)?
5
Let u(q) = -376*q**3 - 3*q**2 + 143*q + 144. Give u(-1).
374
Let i(m) = -7*m**2 + 74*m - 68. Determine i(2).
52
Let l(s) = 7*s**2 + 114*s - 2406. Give l(19).
2287
Let k(d) = 26*d**3 - 3876*d**2 + 300*d - 168. What is k(149)?
130
Let f(b) = b**3 + 38*b**2 + 48*b - 1472. What is f(-35)?
523
Let x(o) = -20*o**2 + 153*o - 369. Determine x(8).
-425
Let x(m) = -58150*m + 11513715. Determine x(198).
15
Let j(t) = -181*t**2 - 69504*t + 69507. Calculate j(1).
-178
Let q(o) = 139*o + 12808. What is q(-89)?
437
Let g(r) = -r**2 + 921*r - 209512. What is g(511)?
-2
Let x(m) = -5*m**2 - 70*m + 191827. What is x(-203)?
-8
Let q(y) = 8920*y - 1784001. Give q(200).
-1
Let y(z) = 15748*z + 2582684. Determine y(-164).
12
Let i(t) = -t**3 - 30*t**2 + 20*t - 1423. Calculate i(-32).
-15
Let r(i) = 2*i**3 + 27*i**2 + 60*i - 21. Determine r(-15).
-1596
Let u(z) = -24*z**2 - 850*z + 862. Calculate u(1).
-12
Let b(w) = w**3 + 2083*w**2 + 109566*w + 33. Determine b(-54).
33
Let k(z) = -22*z**2 - 56*z + 232. What is k(-16)?
-4504
Let f(v) = -10*v**2 + 3641*v - 329162. What is f(167)?
-5
Let d(f) = 3*f**3 - 315*f**2 - 4*f + 727. Calculate d(105).
307
Let q(k) = -2*k**3 + 55*k**2 + 3292*k - 91390. Give q(28).
2
Let o(g) = 205*g - 3429. Determine o(17).
56
Let s(y) = 473*y**2 + 14747*y + 2634. Determine s(-31).
30
Let a(x) = -7*x**3 - 32*x**2 + 28*x + 111. What is a(-6)?
303
Let t(d) = -3*d**3 - 50*d**2 + 4081*d + 1519. Give t(-46).
1
Let y(j) = j**3 - 184*j**2 + 536*j - 54. Give y(3).
-75
Let v(o) = -8*o**2 - 6251*o - 811366. Calculate v(-617).
-11
Let t(x) = -6*x**3 + 751*x - 1516. Calculate t(2).
-62
Let l(k) = -3*k**3 + 6*k**2 - 4663*k + 9321. Determine l(2).
-5
Let q(d) = -726*d + 1772. Determine q(5).
-1858
Let b(j) = -2623*j - 364364. Determine b(-139).
233
Let m(s) = 2*s**3 - 265*s**2 - 2626*s - 708. Determine m(-9).
3
Let c(s) = s**3 - 163*s**2 + 91*s - 14840. Calculate c(163).
-7
Let k(i) = 2*i**3 + 1170*i**2 - 7042*i + 12. Determine k(6).
312
Let m(k) = -186*k**2 + 3307*k + 3304. Give m(-1).
-189
Let m(p) = p**3 - 19*p**2 - 62*p - 625. Determine m(23).
65
Let t(k) = 522*k + 18444. Calculate t(-32).
1740
Let g(n) = n**2 + 15072*n + 5754565. Give g(-392).
5
Let r(z) = -10*z**2 + 10763*z - 21538. Determine r(2).
-52
Let a(m) = -3005*m - 78121. What is a(-26)?
9
Let y(v) = 2*v**2 - 6061*v + 250761. Determine y(42).
-273
Let c(l) = -l**3 + 53*l**2 - 239*l + 76. Calculate c(48).
124
Let k(c) = -4*c**2 - 433*c + 10685. Give k(-129).
-22
Let j(q) = -q**3 + 26*q**2 + 135*q - 2942. Calculate j(27).
-26
Let x(f) = 114533*f + 572586. Give x(-5).
-79
Let l(r) = 68*r + 1454. Calculate l(-21).
26
Let r(b) = -54*b**3 - 6*b**2 - 62*b - 164. What is r(-3)?
1426
Let p(g) = -g**3 - 18*g**2 + 251*g + 3965. What is p(-21)?
17
Let d(f) = -2*f**2 - 5975*f - 83372. What is d(-14)?
-114
Let s(h) = -20*h**2 + 73*h + 17. Give s(8).
-679
Let h(l) = -53*l**3 - 18762*l**2 + 175*l + 61926. Give h(-354).
-24
Let i(q) = -q**2 - 177*q + 9725. Determine i(37).
1807
Let s(w) = -w**3 - 187*w - 1030. What is s(-6)?
308
Let d(x) = 98*x**2 - 409*x + 35. Give d(4).
-33
Let r(g) = g**3 + 21*g**2 + 8132*g + 162282. Determine r(-20).
42
Let s(j) = 3*j**2 - 25049*j + 50077. Give s(2).
-9
Let r(x) = 3*x**3 + 7*x**2 - 3*x - 62. Give r(5).
473
Let f(j) = -13*j**3 + 1403*j**2 + 82*j + 2819. What is f(108)?
11
Let x(h) = 225*h + 60348. What is x(-268)?
48
Let n(w) = 25*w**3 + 205*w**2 + 20*w - 174. What is n(-8)?
-14
Let k(b) = -9374*b + 9084. Determine k(1).
-290
Let w(i) = -220566*i + 1323396. Give w(6).
0
Let a(d) = -267*d - 12093. Determine a(-44).
-345
Let f(m) = 490*m**2 - 3920*m - 85. Calculate f(8).
-85
Let a(h) = -5*h**2 - 33*h - 364. Calculate a(-8).
-420
Let n(t) = 4005*t - 151991. Determine n(38).
199
Let w(d) = 3300*d + 957048. Calculate w(-290).
48
Let t(b) = -b**3 - 1975*b + 47486. Determine t(20).
-14
Let x(g) = g**3 + 106*g**2 - 1638*g + 133. Determine x(14).
721
Let s(j) = -175*j - 6400. Determine s(-26).
-1850
Let j(k) = 374*k - 71028. Calculate j(190).
32
Let a(q) = -29*q**2 - 115*q + 1312. Give a(-9).
-2
Let x(r) = 130226*r + 12241236. What is x(-94)?
-8
Let y(z) = -37*z**2 - 1891*z - 187. Determine y(-51).
17
Let g(k) = 274184*k - 1370950. Give g(5).
-30
Let u(f) = -2*f**2 - 11754*f - 571175. What is u(-49)?
-31
Let y(v) = 63*v**3 - v**2 - 11*v + 18. Give y(2).
496
Let t(u) = 60*u**3 - 8*u**2 - 237*u - 917. What is t(-4)?
-3937
Let s(x) = -1481*x**2 - 768*x - 2. Determine s(-1).
-715
Let f(x) = -9976*x - 59868. What is f(-6)?
-12
Let n(u) = 1405*u + 5231. Determine n(-4).
-389
Let w(c) = -1736*c + 16074. Calculate w(9).
450
Let v(p) = 94664*p - 1135926. Determine v(12).
42
Let m(n) = 1039*n**3 - 7108*n**2 - 1150*n - 24. What is m(7)?
11
Let w(h) = 479*h**2 + 165*h - 6. Determine w(1).
638
Let i(j) = 124*j**2 + 331*j - 637. Calculate i(2).
521
Let d(c) = -c**3 + 237*c**2 - 1370*c - 55020. Calculate d(230).
180
Let v(d) = d**2 - 1608*d + 86885. Give v(56).
-27
Let j(c) = 14*c**3 + 162*c**2 + 3*c - 12. Determine j(-11).
923
Let q(l) = -135*l + 50. Give q(-6).
860
Let c(j) = -213*j + 1644. Determine c(2).
1218
Let a(k) = 2*k**3 - 83*k**2 + 673*k - 697. Calculate a(31).
-15
Let s(n) = -487*n + 31232. Determine s(64).
64
Let c(s) = 576*s**3 - 14977*s**2 + 41*s - 374. Give c(26).
16
Let b(f) = 435*f + 28800. Determine b(-66).
90
Let t(n) = 3795*n + 22242. Determine t(-6).
-528
Let w(g) = 9*g**3 - 704*g**2 + 99*g + 4445. Determine w(78).
-1
Let o(k) = -k**3 - 16*k**2 - 588*k - 10265. Determine o(-17).
20
Let m(z) = -169*z + 140. Give m(1).
-29
Let p(h) = -2*h**3 + 5*h**2 - 52*h + 159. What is p(4)?
-97
Let j(v) = -20*v**3 - 103*v**2 + 19*v + 3. What is j(-5)?
-167
Let a(p) = 2*p**3 + 2*p**2 - 1173*p - 2348. Calculate a(-2).
-10
Let x(r) = -r**3 - r**2 - 13*r + 2014. Give x(12).
-14
Let s(b) = 7066*b + 388630. Determine s(-55).
0
Let o(v) = -4809*v - 5083120. Determine o(-1057).
-7
Let n(r) = 2098*r + 21114. Calculate n(-10).
134
Let n(r) = -r**3 + 45*r**2 + 126*r - 1505. Give n(47).
-1
Let u(c) = c**3 - 16*c**2 + 76*c + 137. Calculate u(8).
233
Let x(g) = 62*g**3 - 23*g**2 - 35*g + 54. Give x(1).
58
Let a(r) = -3355*r - 61153. Calculate a(-18).
-763
Let b(o) = -462*o - 12787. What is b(-28)?
149
Let s(d) = -46562*d**2 + 139687*d - 14. Determine s(3).
-11
Let b(p) = p**3 - 87*p**2 + 1472*p + 970. Calculate b(24).
10
Let u(s) = s**2 - 4453126*s + 44531154. Determine u(10).
-6
Let h(j) = j**3 - 168*j**2 - 507*j + 9768. Give h(-9).
-6
Let a(j) = -4*j**2 + 1496*j - 4369. What is a(3)?
83
Let w(v) = v**3 + 231*v**2 + 13098*v - 264. What is w(-131)?
-2
Let o(u) = -714438*u**2 - 2857751*u + 8. Determine o(-4).
4
Let l(i) = -1927*i - 7089. Calculate l(-4).
619
Let x(h) = -h**3 - 218*h**2 + 8285*h - 1224. Give x(-251).
-1726
Let c(n) = -n**3 - 25*n**2 - 188*n - 302. Determine c(-22).
2382
Let g(d) = -647348*d - 1942004. Determine g(-3).
40
Let z(l) = -l**2 - 4922*l + 273748. Calculate z(55).
13
Let x(b) = -3169*b + 28430. What is x(9)?
-91
Let x(c) = -2*c**3 + 30*c**2 - 19*c - 500. Calculate x(12).
136
Let a(u) = u**3 - 132*u**2 - 17845*u - 47. Calculate a(215).
-47
Let o(i) = -44*i**2 + 83*i - 41. Give o(9).
-2858
Let p(y) = -26371*y + 51897. Determine p(2).
-845
Let r(i) = -2328*i - 16059. What is r(-7)?
237
Let j(k) = 38266*k + 37414. What is j(-1)?
-852
Let u(p) = 33*p**2 + 